inder when 107 is divided by 57.
50
What is the remainder when 321 is divided by 46?
45
What is the remainder when 330 is divided by 26?
18
What is the remainder when 72 is divided by 11?
6
Calculate the remainder when 811 is divided by 218.
157
Calculate the remainder when 181 is divided by 26.
25
What is the remainder when 1519 is divided by 15?
4
What is the remainder when 443 is divided by 89?
87
Calculate the remainder when 151 is divided by 39.
34
What is the remainder when 1102 is divided by 69?
67
Calculate the remainder when 387 is divided by 15.
12
What is the remainder when 179 is divided by 92?
87
Calculate the remainder when 225 is divided by 21.
15
Calculate the remainder when 105 is divided by 55.
50
Calculate the remainder when 71 is divided by 19.
14
What is the remainder when 492 is divided by 62?
58
What is the remainder when 471 is divided by 154?
9
What is the remainder when 918 is divided by 107?
62
What is the remainder when 3037 is divided by 379?
5
What is the remainder when 380 is divided by 44?
28
What is the remainder when 3392 is divided by 374?
26
What is the remainder when 680 is divided by 265?
150
Calculate the remainder when 1523 is divided by 102.
95
Calculate the remainder when 69 is divided by 26.
17
What is the remainder when 1397 is divided by 348?
5
What is the remainder when 108 is divided by 19?
13
Calculate the remainder when 519 is divided by 40.
39
Calculate the remainder when 1333 is divided by 18.
1
What is the remainder when 5850 is divided by 209?
207
What is the remainder when 111 is divided by 65?
46
What is the remainder when 634 is divided by 128?
122
What is the remainder when 13858 is divided by 42?
40
Calculate the remainder when 215 is divided by 31.
29
Calculate the remainder when 10946 is divided by 146.
142
Calculate the remainder when 1734 is divided by 67.
59
What is the remainder when 757 is divided by 33?
31
Calculate the remainder when 125 is divided by 36.
17
What is the remainder when 1551 is divided by 177?
135
What is the remainder when 845 is divided by 107?
96
Calculate the remainder when 439 is divided by 30.
19
Calculate the remainder when 91 is divided by 7.
0
Calculate the remainder when 306 is divided by 5.
1
Calculate the remainder when 856 is divided by 41.
36
What is the remainder when 973 is divided by 25?
23
What is the remainder when 40 is divided by 18?
4
Calculate the remainder when 4271 is divided by 89.
88
What is the remainder when 2777 is divided by 20?
17
What is the remainder when 1231 is divided by 88?
87
What is the remainder when 1135 is divided by 14?
1
What is the remainder when 124 is divided by 32?
28
What is the remainder when 1125 is divided by 7?
5
What is the remainder when 32 is divided by 26?
6
Calculate the remainder when 1241 is divided by 18.
17
What is the remainder when 1236 is divided by 46?
40
Calculate the remainder when 2055 is divided by 2051.
4
Calculate the remainder when 304 is divided by 98.
10
What is the remainder when 2939 is divided by 31?
25
Calculate the remainder when 2447 is divided by 6.
5
What is the remainder when 29 is divided by 3?
2
Calculate the remainder when 319 is divided by 87.
58
What is the remainder when 223 is divided by 40?
23
What is the remainder when 36 is divided by 20?
16
Calculate the remainder when 1362 is divided by 65.
62
Calculate the remainder when 90704 is divided by 11.
9
Calculate the remainder when 3485 is divided by 217.
13
Calculate the remainder when 921 is divided by 66.
63
What is the remainder when 63 is divided by 55?
8
What is the remainder when 41 is divided by 2?
1
What is the remainder when 36 is divided by 4?
0
What is the remainder when 936 is divided by 132?
12
What is the remainder when 113 is divided by 96?
17
Calculate the remainder when 1259 is divided by 384.
107
What is the remainder when 6 is divided by 5?
1
What is the remainder when 1713 is divided by 13?
10
What is the remainder when 506 is divided by 179?
148
What is the remainder when 124 is divided by 14?
12
What is the remainder when 385 is divided by 183?
19
Calculate the remainder when 100 is divided by 52.
48
Calculate the remainder when 2633 is divided by 5.
3
What is the remainder when 256 is divided by 102?
52
What is the remainder when 255 is divided by 25?
5
Calculate the remainder when 13321 is divided by 62.
53
Calculate the remainder when 1098 is divided by 110.
108
What is the remainder when 13453 is divided by 217?
216
Calculate the remainder when 86597 is divided by 50.
47
Calculate the remainder when 780 is divided by 6.
0
What is the remainder when 3460 is divided by 87?
67
What is the remainder when 2699 is divided by 7?
4
What is the remainder when 332 is divided by 14?
10
What is the remainder when 228 is divided by 29?
25
Calculate the remainder when 40 is divided by 14.
12
Calculate the remainder when 579 is divided by 5.
4
What is the remainder when 10278 is divided by 19?
18
Calculate the remainder when 184 is divided by 45.
4
What is the remainder when 145 is divided by 78?
67
Calculate the remainder when 2372 is divided by 24.
20
Calculate the remainder when 74 is divided by 14.
4
What is the remainder when 195 is divided by 36?
15
Calculate the remainder when 147 is divided by 15.
12
Calculate the remainder when 134 is divided by 23.
19
What is the remainder when 608 is divided by 122?
120
What is the remainder when 2018 is divided by 410?
378
Calculate the remainder when 397 is divided by 55.
12
Calculate the remainder when 43965 is divided by 24.
21
Calculate the remainder when 200 is divided by 7.
4
Calculate the remainder when 199 is divided by 96.
7
Calculate the remainder when 156 is divided by 17.
3
What is the remainder when 456 is divided by 147?
15
Calculate the remainder when 31 is divided by 7.
3
What is the remainder when 109 is divided by 74?
35
What is the remainder when 39 is divided by 7?
4
What is the remainder when 131 is divided by 34?
29
What is the remainder when 1748 is divided by 65?
58
Calculate the remainder when 343 is divided by 123.
97
Calculate the remainder when 47 is divided by 12.
11
What is the remainder when 68 is divided by 20?
8
What is the remainder when 179 is divided by 34?
9
Calculate the remainder when 1502 is divided by 80.
62
What is the remainder when 121 is divided by 92?
29
What is the remainder when 77 is divided by 4?
1
What is the remainder when 190 is divided by 22?
14
Calculate the remainder when 47 is divided by 22.
3
What is the remainder when 1024 is divided by 49?
44
What is the remainder when 4138 is divided by 30?
28
Calculate the remainder when 193 is divided by 39.
37
What is the remainder when 5066 is divided by 181?
179
Calculate the remainder when 106 is divided by 56.
50
What is the remainder when 450 is divided by 113?
111
What is the remainder when 711 is divided by 146?
127
Calculate the remainder when 1206 is divided by 29.
17
What is the remainder when 67 is divided by 52?
15
Calculate the remainder when 291 is divided by 4.
3
Calculate the remainder when 1046 is divided by 50.
46
What is the remainder when 2098 is divided by 10?
8
What is the remainder when 16080 is divided by 187?
185
What is the remainder when 1042 is divided by 18?
16
Calculate the remainder when 328 is divided by 162.
4
What is the remainder when 207 is divided by 24?
15
Calculate the remainder when 239 is divided by 48.
47
Calculate the remainder when 776 is divided by 32.
8
What is the remainder when 18 is divided by 8?
2
What is the remainder when 421 is divided by 71?
66
Calculate the remainder when 57 is divided by 13.
5
Calculate the remainder when 829 is divided by 202.
21
What is the remainder when 324 is divided by 155?
14
What is the remainder when 349 is divided by 71?
65
What is the remainder when 54 is divided by 32?
22
What is the remainder when 796 is divided by 263?
7
Calculate the remainder when 169 is divided by 10.
9
Calculate the remainder when 299 is divided by 4.
3
What is the remainder when 582 is divided by 148?
138
Calculate the remainder when 107 is divided by 84.
23
What is the remainder when 105 is divided by 4?
1
What is the remainder when 1373 is divided by 125?
123
Calculate the remainder when 113 is divided by 4